35 and 956235?
735
What is the greatest common factor of 8688 and 120?
24
What is the greatest common factor of 1560 and 28808?
104
Calculate the greatest common divisor of 18941 and 260803.
1457
Calculate the greatest common divisor of 1368 and 72.
72
What is the highest common divisor of 11091731 and 763?
763
Calculate the greatest common factor of 785 and 21888155.
785
Calculate the greatest common factor of 160650 and 1700.
850
Calculate the greatest common divisor of 1788 and 108.
12
Calculate the highest common factor of 1464 and 2202.
6
What is the greatest common divisor of 1467 and 117027?
9
What is the highest common factor of 232 and 6931?
29
What is the highest common factor of 56 and 356632?
8
What is the greatest common factor of 21416556 and 84?
84
Calculate the highest common factor of 24510 and 780.
30
Calculate the highest common divisor of 71978 and 12325.
493
What is the greatest common divisor of 30 and 1936155?
15
Calculate the greatest common factor of 622164 and 12093.
417
Calculate the greatest common divisor of 9 and 68769.
9
Calculate the highest common factor of 32 and 21456.
16
What is the greatest common divisor of 8296 and 18360?
136
What is the highest common divisor of 283723 and 11?
11
What is the highest common divisor of 325480 and 1896?
632
What is the greatest common divisor of 597941 and 289?
289
Calculate the greatest common divisor of 2860 and 1820.
260
What is the highest common divisor of 102 and 1090278?
102
Calculate the highest common divisor of 2430 and 111402.
54
Calculate the highest common factor of 402955 and 2639.
203
Calculate the greatest common divisor of 335 and 472015.
335
Calculate the highest common divisor of 74 and 1424463.
37
Calculate the highest common divisor of 124891 and 1521.
169
Calculate the greatest common factor of 1309 and 17731.
119
Calculate the highest common factor of 5548 and 270684.
292
Calculate the greatest common divisor of 3787413 and 476.
119
Calculate the highest common divisor of 1183 and 12324.
13
What is the greatest common divisor of 465 and 4785?
15
Calculate the highest common divisor of 36 and 25796.
4
What is the highest common divisor of 240 and 222280?
40
Calculate the highest common divisor of 1749 and 152746.
583
Calculate the highest common divisor of 157692 and 204.
204
Calculate the greatest common factor of 22 and 728343.
11
What is the greatest common factor of 14564 and 1655?
331
Calculate the greatest common factor of 85353 and 69.
69
What is the highest common divisor of 546 and 89166?
42
What is the greatest common divisor of 738 and 3816?
18
What is the greatest common divisor of 2686 and 1802?
34
What is the highest common factor of 17 and 13141?
17
Calculate the greatest common factor of 234440 and 8.
8
What is the greatest common divisor of 2563800 and 80?
40
What is the highest common factor of 15759 and 143361?
153
What is the highest common divisor of 99 and 5171?
1
What is the highest common factor of 172 and 314?
2
What is the highest common divisor of 137881 and 62166?
797
What is the highest common factor of 203 and 2088?
29
Calculate the greatest common divisor of 398200 and 220.
220
What is the highest common divisor of 706 and 2758342?
706
Calculate the greatest common divisor of 885 and 2834655.
885
What is the highest common divisor of 230 and 1436580?
230
Calculate the highest common factor of 17680 and 240.
80
Calculate the highest common factor of 329272 and 1264.
632
What is the highest common divisor of 11700 and 3978?
234
Calculate the greatest common divisor of 921141 and 26.
13
Calculate the greatest common divisor of 524 and 362.
2
Calculate the greatest common divisor of 3071901 and 19.
19
What is the highest common divisor of 24848 and 80?
16
Calculate the greatest common factor of 26444 and 110.
22
Calculate the highest common factor of 756 and 330669.
27
Calculate the greatest common divisor of 3680 and 37490.
230
Calculate the highest common divisor of 69 and 2231.
23
What is the greatest common factor of 8 and 178424?
8
Calculate the greatest common factor of 443223 and 5328.
333
What is the highest common factor of 4725 and 3045?
105
What is the highest common factor of 3329408 and 1216?
1216
What is the greatest common divisor of 8606 and 176754?
662
What is the greatest common divisor of 83 and 110473?
83
What is the highest common divisor of 126282 and 5421?
39
What is the highest common factor of 3 and 215331?
3
What is the greatest common divisor of 496 and 10633?
31
Calculate the greatest common factor of 33895 and 5.
5
Calculate the greatest common divisor of 398021 and 221.
221
What is the greatest common divisor of 8695 and 9635?
235
What is the highest common divisor of 7524 and 9174?
66
Calculate the greatest common divisor of 254597 and 777.
259
Calculate the greatest common divisor of 3790 and 40.
10
What is the highest common factor of 370 and 265?
5
What is the highest common factor of 116 and 23287?
29
Calculate the greatest common divisor of 28273 and 35.
7
Calculate the greatest common divisor of 96050 and 4182.
34
Calculate the highest common divisor of 141086 and 374.
22
What is the greatest common factor of 25215 and 15375?
615
What is the greatest common factor of 30 and 182670?
30
What is the highest common factor of 4242 and 20076?
42
Calculate the greatest common divisor of 4410 and 47530.
490
What is the highest common factor of 191 and 3216631?
191
Calculate the highest common divisor of 1612 and 1339.
13
What is the highest common factor of 672 and 10122?
42
Calculate the highest common divisor of 144 and 891.
9
What is the highest common factor of 39 and 11341317?
39
What is the highest common divisor of 17720 and 1160?
40
What is the highest common factor of 765 and 11679?
51
What is the highest common factor of 362648 and 352?
88
Calculate the highest common divisor of 17172 and 159.
159
What is the greatest common factor of 5785 and 4005?
445
Calculate the greatest common factor of 1278 and 1746.
18
Calculate the greatest common factor of 5720 and 127010.
130
Calculate the greatest common divisor of 16716 and 268252.
796
Calculate the greatest common factor of 3649 and 1722.
41
Calculate the greatest common divisor of 30229 and 57.
19
Calculate the highest common divisor of 58 and 391674.
58
Calculate the greatest common divisor of 658 and 1445626.
658
Calculate the highest common divisor of 16728 and 1428.
204
What is the greatest common divisor of 1015 and 904075?
145
Calculate the highest common factor of 470 and 76798.
94
Calculate the highest common divisor of 46241 and 13.
13
What is the highest common divisor of 82707 and 24?
3
Calculate the highest common divisor of 1345113 and 162.
27
What is the greatest common factor of 13536 and 657?
9
What is the greatest common factor of 16 and 1667512?
8
What is the greatest common factor of 13478 and 67097?
293
Calculate the highest common factor of 22 and 209242.
22
Calculate the greatest common factor of 242 and 1745062.
242
Calculate the highest common divisor of 1728 and 2196.
36
Calculate the greatest common divisor of 12328 and 1943.
67
What is the greatest common divisor of 2775 and 140550?
75
What is the greatest common divisor of 22 and 2265142?
22
What is the greatest common factor of 24553 and 133043?
571
Calculate the highest common factor of 570 and 8474.
38
What is the greatest common factor of 99320 and 250?
10
What is the highest common factor of 146 and 794751?
73
Calculate the highest common divisor of 245187 and 729.
243
What is the highest common factor of 1162 and 51709?
581
Calculate the greatest common divisor of 1710 and 26010.
90
What is the greatest common factor of 24 and 14792?
8
Calculate the highest common factor of 3912 and 270906.
978
What is the highest common divisor of 13166 and 290?
58
Calculate the greatest common divisor of 5723 and 136964.
97
Calculate the greatest common divisor of 4382 and 376226.
626
Calculate the highest common divisor of 2313 and 576.
9
What is the highest common divisor of 3612 and 2604?
84
What is the greatest common divisor of 1491 and 68515?
71
What is the highest common divisor of 165 and 1545?
15
What is the highest common divisor of 290262 and 126?
42
Calc